y 222.
122
Calculate the remainder when 466 is divided by 168.
130
What is the remainder when 1044 is divided by 19?
18
What is the remainder when 54 is divided by 14?
12
Calculate the remainder when 251 is divided by 14.
13
Calculate the remainder when 37 is divided by 2.
1
What is the remainder when 1838 is divided by 44?
34
What is the remainder when 140 is divided by 72?
68
Calculate the remainder when 247 is divided by 31.
30
Calculate the remainder when 863 is divided by 18.
17
What is the remainder when 1942 is divided by 72?
70
What is the remainder when 5259 is divided by 65?
59
Calculate the remainder when 100 is divided by 20.
0
Calculate the remainder when 17 is divided by 16.
1
Calculate the remainder when 41 is divided by 11.
8
What is the remainder when 109 is divided by 14?
11
Calculate the remainder when 3717 is divided by 155.
152
What is the remainder when 12186 is divided by 4061?
3
Calculate the remainder when 2049 is divided by 98.
89
What is the remainder when 781 is divided by 92?
45
What is the remainder when 34407 is divided by 28?
23
Calculate the remainder when 145 is divided by 10.
5
What is the remainder when 325 is divided by 85?
70
What is the remainder when 50 is divided by 22?
6
What is the remainder when 4592 is divided by 383?
379
Calculate the remainder when 1769 is divided by 10.
9
What is the remainder when 387 is divided by 99?
90
What is the remainder when 2051 is divided by 19?
18
What is the remainder when 242 is divided by 39?
8
Calculate the remainder when 908 is divided by 131.
122
Calculate the remainder when 230 is divided by 172.
58
Calculate the remainder when 52 is divided by 28.
24
What is the remainder when 144 is divided by 22?
12
What is the remainder when 6548 is divided by 226?
220
What is the remainder when 525 is divided by 19?
12
Calculate the remainder when 443 is divided by 12.
11
What is the remainder when 21 is divided by 11?
10
What is the remainder when 128 is divided by 43?
42
Calculate the remainder when 349 is divided by 72.
61
What is the remainder when 83 is divided by 22?
17
Calculate the remainder when 433 is divided by 145.
143
Calculate the remainder when 19187 is divided by 234.
233
What is the remainder when 19 is divided by 8?
3
Calculate the remainder when 1498 is divided by 166.
4
Calculate the remainder when 115 is divided by 29.
28
Calculate the remainder when 600 is divided by 32.
24
What is the remainder when 52 is divided by 4?
0
What is the remainder when 169 is divided by 25?
19
What is the remainder when 252 is divided by 43?
37
What is the remainder when 440 is divided by 206?
28
Calculate the remainder when 3220 is divided by 799.
24
Calculate the remainder when 290 is divided by 37.
31
What is the remainder when 1385 is divided by 345?
5
Calculate the remainder when 157 is divided by 19.
5
What is the remainder when 85 is divided by 2?
1
Calculate the remainder when 958 is divided by 69.
61
Calculate the remainder when 1759 is divided by 92.
11
What is the remainder when 59 is divided by 19?
2
What is the remainder when 457 is divided by 445?
12
What is the remainder when 168 is divided by 43?
39
Calculate the remainder when 8798 is divided by 352.
350
Calculate the remainder when 4064 is divided by 36.
32
Calculate the remainder when 599 is divided by 11.
5
What is the remainder when 71 is divided by 41?
30
Calculate the remainder when 128 is divided by 127.
1
Calculate the remainder when 1789 is divided by 14.
11
Calculate the remainder when 101 is divided by 67.
34
What is the remainder when 1789 is divided by 27?
7
Calculate the remainder when 2485 is divided by 32.
21
Calculate the remainder when 140 is divided by 44.
8
What is the remainder when 1895 is divided by 24?
23
Calculate the remainder when 396 is divided by 268.
128
Calculate the remainder when 261 is divided by 30.
21
What is the remainder when 685 is divided by 77?
69
Calculate the remainder when 118 is divided by 25.
18
Calculate the remainder when 1546 is divided by 7.
6
What is the remainder when 3078 is divided by 140?
138
Calculate the remainder when 773 is divided by 133.
108
What is the remainder when 12749 is divided by 51?
50
What is the remainder when 538 is divided by 62?
42
Calculate the remainder when 610 is divided by 13.
12
What is the remainder when 730 is divided by 144?
10
What is the remainder when 2242 is divided by 44?
42
What is the remainder when 2258 is divided by 10?
8
What is the remainder when 121 is divided by 32?
25
What is the remainder when 174 is divided by 11?
9
What is the remainder when 197 is divided by 67?
63
Calculate the remainder when 90 is divided by 12.
6
What is the remainder when 231 is divided by 79?
73
What is the remainder when 629 is divided by 158?
155
What is the remainder when 368 is divided by 355?
13
Calculate the remainder when 344 is divided by 248.
96
What is the remainder when 18 is divided by 16?
2
What is the remainder when 3071 is divided by 96?
95
Calculate the remainder when 664 is divided by 95.
94
Calculate the remainder when 542 is divided by 40.
22
Calculate the remainder when 957 is divided by 48.
45
Calculate the remainder when 169 is divided by 43.
40
Calculate the remainder when 406 is divided by 68.
66
What is the remainder when 233 is divided by 39?
38
What is the remainder when 3791 is divided by 24?
23
Calculate the remainder when 2885 is divided by 63.
50
Calculate the remainder when 1088 is divided by 39.
35
Calculate the remainder when 192 is divided by 90.
12
Calculate the remainder when 290 is divided by 17.
1
Calculate the remainder when 730 is divided by 72.
10
Calculate the remainder when 1237 is divided by 1233.
4
Calculate the remainder when 82 is divided by 30.
22
Calculate the remainder when 5302 is divided by 36.
10
Calculate the remainder when 350 is divided by 32.
30
Calculate the remainder when 210 is divided by 28.
14
Calculate the remainder when 970 is divided by 226.
66
What is the remainder when 644 is divided by 129?
128
Calculate the remainder when 431 is divided by 62.
59
What is the remainder when 633 is divided by 13?
9
What is the remainder when 340 is divided by 71?
56
Calculate the remainder when 748 is divided by 253.
242
What is the remainder when 4101 is divided by 27?
24
Calculate the remainder when 367 is divided by 95.
82
Calculate the remainder when 175 is divided by 62.
51
What is the remainder when 6462 is divided by 14?
8
What is the remainder when 359 is divided by 30?
29
Calculate the remainder when 1270 is divided by 34.
12
What is the remainder when 89 is divided by 23?
20
Calculate the remainder when 407 is divided by 99.
11
Calculate the remainder when 247 is divided by 129.
118
What is the remainder when 289 is divided by 83?
40
Calculate the remainder when 295 is divided by 154.
141
Calculate the remainder when 147 is divided by 50.
47
What is the remainder when 1660 is divided by 16?
12
What is the remainder when 1502 is divided by 16?
14
Calculate the remainder when 313 is divided by 91.
40
Calculate the remainder when 5109 is divided by 3.
0
Calculate the remainder when 2648 is divided by 59.
52
Calculate the remainder when 403 is divided by 190.
23
Calculate the remainder when 99 is divided by 45.
9
Calculate the remainder when 1832 is divided by 583.
83
What is the remainder when 10547 is divided by 23?
13
Calculate the remainder when 153 is divided by 16.
9
Calculate the remainder when 2628 is divided by 870.
18
What is the remainder when 121 is divided by 67?
54
What is the remainder when 10406 is divided by 7?
4
Calculate the remainder when 382 is divided by 2.
0
Calculate the remainder when 3475 is divided by 72.
19
What is the remainder when 267 is divided by 128?
11
Calculate the remainder when 4077 is divided by 26.
21
Calculate the remainder when 325 is divided by 41.
38
What is the remainder when 10618 is divided by 19?
16
Calculate the remainder when 338 is divided by 144.
50
Calculate the remainder when 234 is divided by 39.
0
Calculate the remainder when 13 is divided by 9.
4
Calculate the remainder when 3262 is divided by 20.
2
Calculate the remainder when 434 is divided by 23.
20
Calculate the remainder when 2683 is divided by 122.
121
Calculate